culate the greatest common factor of g and u.
4
Let y(v) = -2*v**3 - 34*v**2 - 35*v + 37. Let d be y(-17). What is the greatest common factor of 8 and d?
8
Let v(q) = 4*q + 38. Let c be v(7). What is the highest common factor of 88 and c?
22
Suppose -q + 142 = 2*h, -4*q + 4*h + 279 = -229. What is the highest common factor of 108 and q?
12
Let w = -133 - -265. Suppose 60*k - 14*k = 1518. What is the highest common divisor of k and w?
33
Let p(b) = b**2 + 2*b - 6. Let h be p(-5). Let d(x) = -2*x**3 + 18*x**2 + 2*x + 8. Let u be d(h). What is the highest common divisor of u and 39?
13
Suppose -n + 3*w + 9 = -87, -4*w + 4 = 0. Calculate the highest common factor of n and 11.
11
Suppose 56*p - 26 = -2*t + 57*p, 2*t - 22 = 2*p. What is the highest common divisor of 27 and t?
3
Suppose p + 444 = 2*g, p + 2*p - 878 = -4*g. What is the highest common factor of g and 13?
13
Let k = 248 + -182. Calculate the highest common divisor of k and 12.
6
Let j be (136/24 - 5)/(2/39). Suppose -j*c + 142 + 53 = 0. Suppose -4*y = -4*z + 36, 3*z - 15 - 20 = 5*y. What is the greatest common factor of c and z?
5
Let g be 9*-15*6/(-30). Calculate the greatest common divisor of g and 63.
9
Let h(d) = d**2 - 7*d + 4. Let r be h(7). Let p = 1246 + -1202. Calculate the highest common divisor of r and p.
4
Let c be ((-12)/15)/(2/30). Let f = c + 13. Suppose 0 = 4*j + 2 - 14. What is the greatest common divisor of f and j?
1
Let c = 51 + 189. Let u(l) = -307*l - 3040. Let r be u(-10). What is the greatest common factor of c and r?
30
Suppose 5*v - 9 = 6, h + 14 = 4*v. Let q be (1/h)/((-3)/126). What is the greatest common factor of 189 and q?
21
Let d(o) = 3*o**2 + 112*o - 3. Let p be d(8). What is the highest common divisor of p and 35?
35
Suppose -215 = -4*r - 3*m, -2*r + 4*r + 5*m - 111 = 0. Suppose -6*l + r = -19. Suppose -18 + 66 = 4*o. Calculate the greatest common factor of l and o.
12
Let n(i) = -i - 2. Let m be n(9). Let w(s) = s**2 + 23*s + 4. Let f be w(m). Let b be 0*1/2 - f. Calculate the highest common divisor of 16 and b.
16
Let i be 12/3 + -3 + 9. Suppose -b - 2 = 2. Let s = b + i. Calculate the highest common divisor of s and 24.
6
Let p = 175 - 150. Calculate the highest common divisor of p and 25.
25
Let y = 1969 - 1924. Calculate the highest common divisor of 621 and y.
9
Let t(a) = a**2 + 12*a - 54. Let c be t(6). Calculate the greatest common divisor of 126 and c.
18
Suppose 7*j - 90 = 4*j. Suppose -455 = -11*y + 370. What is the highest common factor of y and j?
15
Let i(j) = j**3 - 5*j**2 + 11*j - 10. Suppose 1 + 5 = 3*q - 5*l, -l + 31 = 4*q. Let p be i(q). Calculate the highest common factor of p and 66.
33
Let c be (1 + -133)/((-3)/8). Let r be (c/(-110))/((-1)/10). Let w be (-2 + 4)*1 - -14. What is the greatest common factor of r and w?
16
Let n = 3138 - 1794. Calculate the greatest common factor of n and 96.
96
Let d = 183 - 151. What is the highest common factor of 416 and d?
32
Let k be (-476 - -4)*28/(-14). Calculate the greatest common divisor of 590 and k.
118
Suppose 24*i = 23*i + 31. Suppose -o + 249 = -0*o - d, -2*d - 250 = -o. Calculate the highest common divisor of i and o.
31
Let w(m) = -22*m - 22. Let y be w(-3). Calculate the greatest common factor of y and 55.
11
Let i be 6/((-1)/1*2) - -25. What is the greatest common divisor of 143 and i?
11
Suppose 10 = j - 14. Let s = j + 26. Calculate the highest common factor of s and 20.
10
Suppose -7 = 4*r + 4*z - 3, 0 = 2*z + 6. Suppose r*t - 41 - 116 = 3*q, 0 = 4*t - 3*q - 311. What is the greatest common factor of 33 and t?
11
Suppose -3*f + 168 = 5*u, -u - 3*f + 30 = -6*f. What is the highest common factor of 99 and u?
33
Let k = 189 + -168. Calculate the greatest common factor of 588 and k.
21
Suppose 6779 = 132*a - 481. Calculate the greatest common divisor of 374 and a.
11
Let v(k) = 3*k**2 + 16*k + 12*k + 2 - 25*k. Let d be v(-1). Let z be 0/2 - -18*1. What is the greatest common factor of d and z?
2
Suppose 4*g - 531 = -179. Let m(h) = 52*h + 170. Let a be m(-2). Calculate the highest common factor of g and a.
22
Let p be 2*15 - (-1 - 1). Let o be (-54)/(-4)*(-4 + 2). Let z = 43 + o. Calculate the greatest common factor of z and p.
16
Let d(u) = -5*u**2 + 9 - u**3 + 2 - 6 - 2*u. Let l be d(-5). What is the greatest common factor of l and 10?
5
Let h(m) = -9*m**3 + 2*m**2 - 5*m. Let w be h(3). Let s be (3/(-2))/1*w/10. What is the highest common divisor of 4 and s?
4
Suppose 11*b + 155 = -230. Let f = 116 + b. Calculate the greatest common factor of f and 27.
27
Suppose 3*v + 2*j = 216, 2*j = 2*v + 3*v - 344. What is the highest common divisor of v and 490?
70
Let u = 101 + -75. Calculate the highest common factor of 39 and u.
13
Suppose 2 = 2*c - 4*n, 0 = 4*n - 2 - 2. Let v(q) = 32*q - 8. Let t be v(c). What is the greatest common divisor of 8 and t?
8
Suppose -5*i + 15 = 5*x, -2*x + 4*i + 12 = -0*i. What is the greatest common factor of 64 and x?
4
Let j be (-4)/(-8)*4 + 10. Calculate the highest common divisor of 12 and j.
12
Suppose -3*f = f. Let d be (-11)/(f + (-2)/8). Let k = -902 + 968. Calculate the greatest common divisor of d and k.
22
Let i = -16 - -14. Let k = i - -50. What is the greatest common factor of 120 and k?
24
Let w = -323 + 386. Suppose 2*m + 39 = w. Let b(j) = 14*j**2 + j + 2. Let z be b(2). Calculate the highest common divisor of m and z.
12
Let c = -385 + 420. Calculate the greatest common divisor of c and 21.
7
Let w(x) = -x**2 + 41*x + 81. Let n be w(38). Calculate the highest common factor of 15 and n.
15
Let i be ((-14)/5)/(48008/9605 - 5). What is the greatest common factor of i and 113?
113
Suppose -r + 2*b + 110 = r, -5*b = 2*r - 75. Suppose 82*n = 81*n + r. Calculate the highest common divisor of n and 25.
25
Suppose 11 = x + 3. Let r be 5/3*x*3. Suppose 3*z + 8 - 1 = 2*y, -2*y - 4*z = -28. What is the greatest common factor of y and r?
8
Let t = 195 + -42. What is the highest common factor of 17 and t?
17
Let b(s) = -3*s**2 - 43*s - 11. Let q be b(-14). Calculate the greatest common factor of 48 and q.
3
Suppose 4*k = v - 41, 5*v + 0*v = -k + 121. What is the highest common divisor of 10 and v?
5
Let z = -60 - -136. Let l = z + -59. What is the greatest common divisor of 153 and l?
17
Let h = -13 + 15. Let a(c) = 2*c - 9 + 9 - 13 + 0*c**h + c**2. Let m be a(-9). Calculate the greatest common factor of 20 and m.
10
Suppose -12*c + 2860 = c. Let x be 8/(-6) - c/(-12). Calculate the greatest common divisor of 17 and x.
17
Suppose p - 40 = -4*p. Let h = 38 + 163. Suppose 4*f - 151 = h. What is the greatest common divisor of f and p?
8
Let l(d) = -d - 1. Let w be l(-3). Suppose -w*g - 2 = 0, -5*c = -0*c - 4*g - 9. Let u = c + 5. Calculate the highest common factor of u and 9.
3
Let d be ((-306)/24)/((-6)/32). Calculate the greatest common factor of 340 and d.
68
Let l = 324 + -319. What is the greatest common divisor of l and 3?
1
Suppose -t - 71 = -0*p - 5*p, t + 5*p + 81 = 0. Let w = t + 156. What is the highest common divisor of 8 and w?
8
Suppose -3*x = -2*o - 4, 0 = -3*x + 2*x - o + 8. Let v be ((-1)/1)/((-1)/3). Suppose 15 = x*g + v. Calculate the greatest common factor of 21 and g.
3
Let v(p) = -2*p - 51. Let z be v(-34). Calculate the highest common divisor of z and 799.
17
Suppose -4*c + 0*z + 5*z = -85, 2*z = -5*c + 98. Calculate the greatest common divisor of c and 180.
20
Let g(d) = -17*d - 6. Suppose 2*o + 8 = -2*o. Let w be g(o). What is the greatest common divisor of 224 and w?
28
Let k(x) = 9*x - 7. Let g be k(7). Let o be (-2)/11 - 57/(-11). Suppose -o*p = -10*p + 35. Calculate the greatest common factor of p and g.
7
Suppose 55936 = 53*n + 75*n. What is the greatest common divisor of n and 69?
23
Suppose 780 = 83*v - 68*v. Let j(n) = n**2 + 13*n - 12. Let r be j(8). What is the highest common factor of r and v?
52
Let u be 4*21/28 - 3*-42. What is the highest common divisor of u and 15?
3
Suppose 10*j + 1584 = 16*j. Calculate the greatest common factor of j and 22.
22
Let u = 450 + -434. What is the greatest common divisor of u and 128?
16
Suppose -2*x = 2*x - 12, -x - 177 = s. Let l be ((-54)/10 + 1)/(36/s). What is the greatest common factor of l and 110?
22
Let u(r) = -r**2 - 11*r + 13. Let q be 3/(-2)*40/6. Let b be u(q). Calc